rs of k?
1451
Suppose 5*l = -2*x - 91, -4*x - x - 237 = 3*l. What are the prime factors of (-1 - 0)*(x - 7)*4?
2, 5, 11
Let h = 1894 - 1266. Suppose -2*g + h = 5*a, -g = 5*a - 2*g - 616. Suppose a = 2*s - 10. List the prime factors of s.
67
Suppose -2*p + 12 = f - 0*f, -2*f = -2*p - 24. Let y be (f/8)/((-3)/(-2)). List the prime factors of 13 - ((-3)/1 + y).
3, 5
Suppose -4*x = -5*j + 2897, 1111 = -2*x + 2*j - 339. Let m = x - -1597. Suppose 12*p - m - 1051 = 0. What are the prime factors of p?
2, 5
Suppose 6*v = 290 - 272. Suppose v*s = 4*c + 1164, 19*s - 16*s - 3*c - 1164 = 0. What are the prime factors of s?
2, 97
Suppose 4*s + 0*s + 8 = 0. Let k be -2 - (1/s)/(17/204). List the prime factors of (k/(-3))/(14/(-903)).
2, 43
Let d be -3 + (-15)/(-6) + (-19931)/(-2). Suppose -30*k + d = -925. What are the prime factors of k?
3, 11
Suppose 0 = l - t + 3, -2*l = -6*l - 3*t + 2. Let i be -1*(8/l - -3). Suppose -370 - 109 = -3*z + 5*v, i*z - 4*v = 820. What are the prime factors of z?
2, 3, 7
Let p(t) = 20*t**2 - 7*t + 6. Let w be p(5). Suppose -4*l + 4*j = 8, -5*l + 7*j - 6*j + 18 = 0. Suppose -l*a - 61 + w = 0. What are the prime factors of a?
2, 41
Let w(q) = -q**3 + 9*q**2 - 4*q - 18. Let s be w(8). List the prime factors of 1/(s/990) - 68/(-238).
71
Suppose -818 + 4918 = 10*x. Let k = -323 + x. What are the prime factors of k?
3, 29
Let d(c) = 1933*c**2 - 1325*c - 12. What are the prime factors of d(-4)?
2, 3, 503
Let p(i) = 185*i + 4386. List the prime factors of p(94).
2, 1361
Suppose f - 2286 = -5*o, -23*o + 18*o + 2282 = -3*f. What are the prime factors of o?
457
Suppose -17*j = -5*j - 24624. Suppose 0 = -0*d + 12*d - j. List the prime factors of d.
3, 19
Let m(t) = 16*t - 14. Let j(v) = -v**2 + 5*v + 17. Let y be j(6). Suppose -y*g = -60 - 28. List the prime factors of m(g).
2, 3, 19
Suppose -10 = -5*d, -v - 2*d + 4*d + 89 = 0. Let f = v - 81. Suppose -150 = f*j - 13*j. List the prime factors of j.
2, 3, 5
Suppose 4*w + 9 = 13. List the prime factors of w + (-2)/8 - (-3675)/60.
2, 31
Suppose 0 = -5*u + 19 + 11. Let w be 205 + (u - 4) + 1. Let d = w + 51. List the prime factors of d.
7, 37
Suppose -5*r + 11*r = 7*r. Let n(g) be the second derivative of -g**5/20 + g**3/3 + 16*g**2 + 2*g. List the prime factors of n(r).
2
Let j = 64 + -44. Suppose -20*r - j = -25*r. Suppose 4*v = -3*t + 5*v + 332, -r*t + 440 = -4*v. What are the prime factors of t?
3, 37
Suppose -3*t + 116775 = 3*b, 5*b = -t - b + 38955. What are the prime factors of t?
3, 12973
Let l(j) = 2*j**3 - j - 2. Let p be l(-2). Let d = -7843 - -7822. Let c = p - d. List the prime factors of c.
5
Suppose 0 = 2*g - 17*c + 19*c - 53638, -53620 = -2*g + 4*c. Suppose 0 = -29*j - 3*j + g. What are the prime factors of j?
2, 419
Suppose -9 = 5*c + 1. Let h be 2/(-5)*(c - -22). What are the prime factors of (-34)/(-2) - h/(12/3)?
19
Let m = -58 - -67. Let y = m - 10. What are the prime factors of y + 2 + 4 - (-1)/1?
2, 3
Suppose -3*f + 60 = -4*o - 8*f, f = -2*o - 24. Let c(p) = 8*p + p**3 - 11*p**2 - 11 - 26*p - 2*p**3. What are the prime factors of c(o)?
3, 23
Let q(p) = -p**2 + 13*p - 11. Let r be q(12). Let c = -5 + r. What are the prime factors of (5 + c - -1) + 53?
5, 11
List the prime factors of 3 + 129964/36 - 2/18.
3613
What are the prime factors of 39592*(10 + 247/(-26))?
2, 7, 101
Suppose 13*p - y = 14*p - 2479, -y = -3*p + 7449. What are the prime factors of p?
2, 17, 73
Let x = -2482 + 5112. Let n be (x/8)/(4 + (-75)/20). Suppose n + 116 = 9*w. List the prime factors of w.
3, 53
Let s = 371 + 103. Let h = s + 331. What are the prime factors of h?
5, 7, 23
Let h(o) = 3*o - 9 - 4*o - 7*o - 12*o. Let w be h(-3). Suppose -2*n + w = -15. List the prime factors of n.
3, 11
Let i(u) = 2*u + 32. Let k be 26/((-1 + 4)*6/(-9)). Let q be i(k). List the prime factors of 33*-17*(-2)/q.
11, 17
Suppose -26 = l - 32. What are the prime factors of 8/(432/(-9)) - (-1963)/l?
3, 109
Let j be 2*((-1270)/(-4) - -1). Let o = -304 + j. What are the prime factors of o?
3, 37
Let i = 1289 + -486. Suppose -5*a - 3*q = -1007, 3*q - i = -4*a - 2*q. List the prime factors of a.
2, 101
Let p be (1147/124)/((-2)/(-8)). Let i = 184 + p. List the prime factors of i.
13, 17
Let d(p) = p**3 + 6*p + 5028. Let u be d(0). What are the prime factors of 4/(-20) - (u/15)/(-1)?
5, 67
Let s = 1607 - 1611. Let u(g) = -22*g + 22. Let i(c) = -11*c + 11. Let m(p) = 13*i(p) - 6*u(p). What are the prime factors of m(s)?
5, 11
What are the prime factors of 215852/12 - (-5)/15?
2, 3, 1499
Let t(p) = 10*p - 173. Let f be t(21). Suppose 41*z = f*z + 3284. What are the prime factors of z?
821
Suppose -4*z = -3*r - 141, 5*z + 2*r - 80 = 79. Let p = z - -11. Suppose -3*o + 3*b + 6 = -30, 2*o = -3*b + p. List the prime factors of o.
2
Let x(o) = 8*o**2 - o + 36. Let w = -73 - -67. Let t be x(w). Suppose -t = -2*l + 3*k - 5*k, 4*l - 685 = k. List the prime factors of l.
2, 5, 17
Let o be (3175/(-10) + -8)*-16. Suppose 27*s = 35*s - o. List the prime factors of s.
3, 7, 31
Let b be 24/(-16)*(-14)/3 - 82. Let k(g) = 6*g - 6. Let l be k(-6). Let i = l - b. What are the prime factors of i?
3, 11
Let p = 5813 - 2689. List the prime factors of p.
2, 11, 71
Let p = -624 - -79. Let k = 735 + p. What are the prime factors of k?
2, 5, 19
Suppose 8*h = 2*h + 2*n + 430236, 3*n = -h + 71706. List the prime factors of h.
2, 3, 17, 19, 37
Let d be (24/(-18)*1)/(1/(-3)). Suppose 0 = d*i + 5*m - 4248, -5*i - 8*m + 5265 = -13*m. What are the prime factors of i?
7, 151
Let b = 5473 - 4337. What are the prime factors of b?
2, 71
Let t = 76 + -70. Suppose 4*z = 6*z - t. Suppose -3*c + 387 = -z*k, 3*k - 5*k = 2*c - 238. List the prime factors of c.
2, 31
Let x(v) = -v**2 + 20*v - 3. Let a be x(-11). Let f = a + 666. Suppose 4*b + 10 - f = 0. What are the prime factors of b?
2, 3, 13
Let p = 2820 - -1351. What are the prime factors of p?
43, 97
Suppose -7*n = -c - 11*n + 6608, -4*n = -5*c + 33040. What are the prime factors of c?
2, 7, 59
Let v(o) be the second derivative of o**7/315 - o**6/240 + o**5/12 - 5*o**4/2 - 14*o. Let a(j) be the third derivative of v(j). List the prime factors of a(3).
73
What are the prime factors of 11613351/657 - (-3)/(-9)?
2, 3, 491
Suppose -20516 = -2*b + y, 2*b - 19559 = 5*y + 925. List the prime factors of b.
2, 7, 733
Let t(b) = 5*b - 32. Let f be t(6). List the prime factors of -42 + 243 + (-12)/f.
3, 23
Suppose -32440 = -2*a + 13*c + 45970, 0 = a + 5*c - 39182. What are the prime factors of a?
2, 3, 23, 71
Suppose -59 = -5*m + 161. Let r be 11/m + 95/4. What are the prime factors of -3 - (54/r)/((-9)/696)?
3, 19
Suppose -20*i + 4*z = -23*i + 130626, 2*i - 87050 = 3*z. What are the prime factors of i?
2, 21767
Suppose -3*k - 11 + 19 = x, -4*k = 3*x + 1. What are the prime factors of (2188/(-6))/(((-28)/(-6))/x)?
547
Suppose 160*l - 4334164 = 10*l - 947464. What are the prime factors of l?
2, 3, 53, 71
Let r(h) = 23366*h**3 + 137*h**2 - 135*h - 2. List the prime factors of r(1).
2, 7, 1669
Let z = 204 - 205. Let j(y) = 659*y**2 + 2*y + 1. List the prime factors of j(z).
2, 7, 47
Let h = -206 + 442. Suppose 3*t = h + 127. What are the prime factors of t?
11
Let z = -43 + 120. Let f be (-917)/(-56) + -2 - 3/8. Let g = z + f. List the prime factors of g.
7, 13
Let n(z) = -z**3 - 8*z**2 + 2*z - 7. Let u = -16 - -5. What are the prime factors of n(u)?
2, 167
What are the prime factors of (-4)/(-68) + 690907/119?
2, 2903
What are the prime factors of ((-2540)/(-12) + -5)*(27/2 + -6)?
2, 5, 31
Let d = 676 + -492. Let o = 958 - d. List the prime factors of o.
2, 3, 43
Suppose -4*r - 4 = 0, -2*t - 82 = 4*r - 18. Let s = -62 - t. Let f = 111 + s. List the prime factors of f.
79
Let j be (-630)/70 - (-33 + -1). Suppose 0 = v + j*v - 20020. List the prime factors of v.
2, 5, 7, 11
Let y = -291 + 293. Suppose 0 = -4*i - y*i + 3498. List the prime factors of i.
11, 53
Let o(n) = 5*n + 791 - 1603 + n**2 + 763. List the prime factors of o(-15).
101
Suppose -2*y - 3*y + 15 = 0. Suppose -2*r = -w - 27 + 25, -r - 2*w + 6 = 0. Suppose -5*o + 3*o - y*g = -107, 5*g = r*o - 115. What are the prime factors of o?
5, 11
Let f(o) = 9*o**3 + 6*o**2 - 66*o + 3. List the prime factors of f(7).
2, 3, 487
Let z(n) = 274*n**2 - 70*n - 195. What are t